e 14) to base 12
-a7109
Convert f026 (base 16) to base 12.
2b6b2
Convert -457102 (base 10) to base 12.
-1a063a
102e0d (base 15) to base 2
10111011110100001000
What is -151b2 (base 15) in base 4?
-100210310
Convert 71b95 (base 15) to base 12.
154665
Convert 71235 (base 10) to base 9.
117640
What is 64029 (base 12) in base 5?
13200421
What is 38c595 (base 14) in base 8?
7352027
What is 203302210 (base 4) in base 6?
3050404
Convert 3c109 (base 14) to base 16.
2439d
What is -15455640 (base 8) in base 2?
-1101100101101110100000
Convert -1034712 (base 9) to base 7.
-4466651
Convert 140794 (base 11) to base 5.
24024230
Convert 496013 (base 10) to base 5.
111333023
What is -3032331221 (base 4) in base 3?
-1121001212002
-32202441 (base 5) to base 13
-96bc0
What is 10144433 (base 10) in base 5?
10044110213
Convert 1200087 (base 11) to base 14.
3c7062
What is -d40c (base 15) in base 13?
-17502
Convert -964d6 (base 15) to base 14.
-c5b7a
Convert 22eaa0 (base 15) to base 7.
20122533
What is -113133033 (base 4) in base 16?
-177cf
Convert 130770 (base 8) to base 9.
68442
Convert -13625 (base 8) to base 12.
-35b1
Convert 253584 (base 10) to base 4.
331322100
What is -2489bc (base 15) in base 12?
-704bb0
-120244402 (base 5) to base 14
-1069c7
Convert 22654 (base 12) to base 3.
2022220101
Convert -595120 (base 11) to base 16.
-e66ce
What is 10111200000 (base 3) in base 4?
100312110
Convert 12a13a (base 11) to base 14.
543b9
What is 300141100 (base 5) in base 9?
2184380
What is -ab4543 (base 13) in base 12?
-1428131
What is 2121431 (base 7) in base 16?
3edbc
Convert 512744 (base 10) to base 14.
d4c08
-3000330233 (base 4) to base 16
-c0f2f
-5b0741 (base 13) to base 10
-2171872
Convert -17840162 (base 9) to base 7.
-136341254
What is 231012103 (base 5) in base 15?
155c53
What is -2613266 (base 7) in base 9?
-567002
What is -21220121102221 (base 3) in base 10?
-4204465
What is -2357028 (base 12) in base 14?
-c9c8a4
55025453 (base 6) to base 16
18f9c9
4451147 (base 8) to base 10
1200743
Convert 200202212021 (base 3) to base 13.
cc253
-7733716 (base 9) to base 7
-50216163
Convert 2cb0a (base 13) to base 3.
11100002022
Convert 11200002100122 (base 3) to base 13.
68b80b
Convert 131543 (base 10) to base 14.
35d1d
403255 (base 7) to base 4
100230223
-101020021000121 (base 3) to base 12
-19a2937
Convert -100100000020 (base 3) to base 8.
-546642
1757 (base 13) to base 7
13031
-a76d10 (base 14) to base 11
-32200a1
221100131 (base 4) to base 6
3342205
What is -34114 (base 10) in base 7?
-201313
Convert -1176a8 (base 14) to base 5.
-123044042
Convert -113012231 (base 5) to base 7.
-4251011
-1000121000 (base 3) to base 15
-5e60
516183 (base 10) to base 4
1332001113
2818aa9 (base 11) to base 4
102202010210
Convert -6973c (base 16) to base 8.
-1513474
What is 11100110111001011 (base 2) in base 10?
118219
What is 1201121200001 (base 3) in base 15?
131d14
What is 23041143 (base 5) in base 12?
9b11a
119c8d (base 16) to base 5
243413224
Convert -6516060 (base 7) to base 12.
-3238a6
What is 496c41 (base 13) in base 15?
24ab09
What is 1121132 (base 8) in base 4?
1022021122
Convert 4572a5 (base 11) to base 13.
1c5c36
Convert 24233140 (base 5) to base 8.
673737
Convert -200001033201 (base 4) to base 12.
-2989569
What is 110475 (base 10) in base 8?
327613
55753443 (base 8) to base 6
1110122311
What is -222001200202 (base 3) in base 16?
-7d3e1
Convert 881 (base 14) to base 10.
1681
233060011 (base 7) to base 3
1000000221122001
Convert 4032012434 (base 5) to base 11.
4618a64
Convert 1011101011111000000 (base 2) to base 8.
1353700
Convert -375626 (base 8) to base 11.
-8969a
Convert -222415210 (base 6) to base 11.
-2313889
Convert -13656440 (base 7) to base 15.
-1a7a7e
130001101001 (base 4) to base 2
11100000001010001000001
2476b8 (base 14) to base 12
50336a
5410530 (base 6) to base 10
265878
3022230 (base 5) to base 16
bd38
Convert 28b79 (base 13) to base 9.
126134
What is -de8d9 (base 16) in base 10?
-911577
Convert -224ca3 (base 14) to base 4.
-10130221333
Convert -13484b (base 14) to base 7.
-5441524
50a27 (base 11) to base 14
1d1b6
Convert 3501101 (base 6) to base 7.
1344106
What is -d5c1b (base 15) in base 7?
-5521610
Convert 5d783 (base 16) to base 10.
382851
4c6994 (base 13) to base 10
1842728
-30030122 (base 6) to base 9
-1525355
What is -1333113011 (base 4) in base 5?
-113143134
Convert 7481a (base 14) to base 2.
1000100101110001000
Convert -100c90 (base 15) to base 6.
-24200430
-100021002000 (base 3) to base 12
-89600
Convert -19131 (base 16) to base 3.
-12012212220
-134003 (base 5) to base 9
-7484
-110001000001101111 (base 2) to base 8
-610157
561264 (base 8) to base 13
680ca
What is 44511104 (base 6) in base 16?
148cf0
844160 (base 9) to base 7
4156434
Convert -2c59a6 (base 13) to base 8.
-4140350
789ba4 (base 13) to base 8
12675031
What is -a9739 (base 16) in base 13?
-1b3bc3
What is -430304114 (base 5) in base 2?
-110111001000111000000
Convert -34354506 (base 7) to base 8.
-13355532
Convert 27557 (base 8) to base 3.
121122202
Convert 10163433 (base 7) to base 10.
856005
Convert 270899 (base 10) to base 9.
452538
Convert 737938 (base 13) to base 15.
385771
15322647 (base 8) to base 13
961384
-35133 (base 13) to base 9
-156803
What is 621424 (base 7) in base 11?
72877
57d62 (base 15) to base 2
1000100010011010111
What is -311013022 (base 4) in base 14?
-593d0
Convert 1903a4 (base 12) to base 5.
102423022
5844a (base 13) to base 16
2755f
Convert -c15955 (base 13) to base 7.
-53135530
What is 12010121330 (base 4) in base 12?
6487b8
Convert -110013333330 (base 4) to base 14.
-9b487a
434620 (base 8) to base 5
14131213
What is 1440441 (base 5) in base 13?
10cc1
Convert 418a65 (base 11) to base 8.
2436066
1111101110101101 (base 2) to base 8
175655
Convert 89a159 (base 13) to base 4.
30121113012
Convert -111100000010011101 (base 2) to base 12.
-ba391
-134525 (base 10) to base 9
-224472
-14432542 (base 6) to base 8
-1724656
What is -3532563 (base 9) in base 16?
-1d2983
-1110000000001100100101 (base 2) to base 11
-2087a40
What is -4caac3 (base 13) in base 10?
-1851723
Convert -12875b (base 12) to base 6.
-10312555
Convert -4b1aaa (base 12) to base 5.
-303223342
What is -1502040 (base 6) in base 5?
-10222432
Convert -5079046 (base 10) to base 15.
-6a4d81
Convert 2527b4 (base 14) to base 15.
1a2a81
221b10 (base 12) to base 7
4416342
-17437655 (base 8) to base 5
-2021021113
Convert -22f4fb (base 16) to base 13.
-6229b1
1302130133 (base 4) to base 13
1354a0
-377256 (base 10) to base 5
-44033011
What is 341a4 (base 13) in base 7?
543211
What is -1001110100110101101 (base 2) in base 13?
-b3717
161efc (base 16) to base 7
15215413
What is -11000010111001001100 (base 2) in base 6?
-25035432
What is 101432240 (base 5) in base 3?
210101102120
What is -100110011111011100011011 (base 2) in base 6?
-1000134111
-2c008 (base 13) to base 3
-11020112101
Convert -1104101342 (base 5) to base 3.
-11112102100100
What is 72e9 (base 15) in base 3?
1020022210
10233022403 (base 5) to base 12
3763254
Convert -125003 (base 8) to base 10.
-43523
-399b2c (base 13) to base 7
-14560024
240774 (base 8) to base 12
3b850
What is -2725c (base 15) in base 13?
-45111
Convert -110011010011111011110 (base 2) to base 16.
-19a7de
2abb25 (base 12) to base 7
6111404
37920c (base 13) to base 16
145aa9
What is 162354 (base 7) in base 5?
2011320
Convert -4357675 (base 10) to base 15.
-5b126a
What is 10167430 (base 8) in base 7?
24226411
Convert 30f0f (base 16) to base 11.
12767a
Convert 420162 (base 14) to base 8.
10400272
What is 101101111110110 (base 2) in base 11?
16762
What is 2615875 (base 9) in base 5?
331144343
Convert 155440 (base 9) to base 16.
17673
Convert -5ba980 (base 13) to base 14.
-41190b
What is 27dba (base 15) in base 2?
11111001111100111
-93b15 (base 15) to base 4
-1302110111
What is 1402971 (base 11) in base 3?
11112221001121
What is -102210222201000 (base 3) in base 9?
-12728630
-5c614 (base 13) to base 12
-825b4
Convert -2000101002122 (base 3) to base 8.
-4052243
22010001010001 (base 3) to base 16
41c95c
Convert 5c9a2 (base 15) to base 5.
33431202
Convert 10a5ca (base 16) to base 12.
447462
What is 18919a (base 11) in base 12?
120070
What is -73173 (base 9) in base 6?
-1011233
What is 43311410 (base 7) in b